{"id":926,"date":"2023-10-01T00:45:11","date_gmt":"2023-09-30T21:45:11","guid":{"rendered":"https:\/\/easydriver.fi\/poytya\/home\/"},"modified":"2026-01-13T13:43:32","modified_gmt":"2026-01-13T11:43:32","slug":"home","status":"publish","type":"page","link":"https:\/\/easydriver.fi\/poytya\/home\/","title":{"rendered":"Home"},"content":{"rendered":"\n<div id=\"\" class=\"wp-block-gosign-gosign-background-container gosign-color-section btn-full align-false default-padding no-margin custom-width no-min-height lightColorLayout no-top-border no-bottom-border colorSectionFe background-fixed background-cover overlay-true defined-width main-header-secondary\"><div class=\"outer-container background-fixed\" style=\"background-image:url(https:\/\/easydriver.fi\/turku\/wp-content\/uploads\/sites\/2\/2025\/12\/groweobg.jpg);padding-top:60px;padding-bottom:60px;padding-left:40px;padding-right:40px;background-position:50% 50%;background-attachment:fixed\"><div class=\"overBg\" style=\"background-color:#000000;opacity:0.8\"><\/div><div class=\"inner-container\"><div class=\"contentBlock\" style=\"max-width:1170px\">\n<h1 class=\"wp-block-heading has-text-align-center\">Autokoulu Easy Driver P\u00f6yty\u00e4<\/h1>\n\n\n\n<p>At Easy Driver Driving School, we have courses for every need. Check out our affordable course packages here in Turku.<\/p>\n\n\n\n<p>Getting your license is simple\u2014you can start online right away! You can take theory lessons from morning till evening to fit your own schedule, and book driving lessons flexibly with your own instructor.<\/p>\n\n\n\n<p>Sign up for a course or find more info about the specific license you need. For more details on how to complete your course, check out our <strong><a href=\"https:\/\/easydriver.fi\/en\/faq\/\" data-type=\"page\" data-id=\"4117\">FAQ section<\/a><\/strong>.<\/p>\n\n\n\n<p>If you have any other questions, feel free to give us a call at <strong>040 738 8929<\/strong>.<\/p>\n\n\n\n<div class=\"wp-block-buttons is-style-button-keltainen is-horizontal is-content-justification-center is-layout-flex wp-container-core-buttons-is-layout-769315fb wp-block-buttons-is-layout-flex\">\n<div class=\"wp-block-button is-style-fill\"><a class=\"wp-block-button__link has-black-color has-text-color has-background has-link-color wp-element-button\" href=\"https:\/\/easydriver.fi\/en\/faq\" style=\"border-radius:8px;background-color:#ffff00\"><strong>READ: Frequently asked<\/strong><\/a><\/div>\n\n\n\n<div class=\"wp-block-button is-style-fill\"><a class=\"wp-block-button__link has-black-color has-text-color has-background has-link-color wp-element-button\" href=\"#korttiluokat\" style=\"border-radius:8px;background-color:#ffff00\"><strong>Our Courses<\/strong><\/a><\/div>\n<\/div>\n<\/div><\/div><\/div><\/div>\n\n\n\n<div id=\"\" class=\"wp-block-gosign-gosign-background-container gosign-color-section btn-full align-false default-padding no-margin full-width no-min-height lightColorLayout no-top-border no-bottom-border colorSectionFe background-scroll background-repeat overlay-false defined-width main-header-secondary\"><div class=\"outer-container background-scroll\" style=\"background-repeat:repeat;background-color:#000000\"><div class=\"inner-container\"><div class=\"contentBlock\">\n<h2 class=\"wp-block-heading has-text-align-center has-text-color has-medium-font-size\" style=\"color:#ffff00;font-style:normal;font-weight:600;text-transform:uppercase\">COURSES AnD PRICES IN P\u00f6yty\u00e4<\/h2>\n\n\n\n<h3 class=\"wp-block-heading has-text-align-center has-text-color has-small-font-size\" style=\"color:#fff000;font-style:normal;font-weight:600;text-transform:uppercase\">Choose the licence category below<\/h3>\n<\/div><\/div><\/div><\/div>\n\n\n\n<div style=\"height:100px\" aria-hidden=\"true\" class=\"wp-block-spacer\"><\/div>\n\n\n\n<div class=\"wp-block-group cardgrid is-style-cardgrid\"><div class=\"wp-block-group__inner-container is-layout-constrained wp-block-group-is-layout-constrained\">\n                                \r\n                <div class=\"card-container card-categories\">\r\n                    <div class=\"card card-dark\">\r\n                        \r\n                        <div class=\"card-img-top card-img-dark\"><span class=\"badge text-bg-primary position-absolute border border-dark pt-2 pb-2 ps-3 pe-3 text-uppercase badge-custom\">Tarjous!<\/span>                            <a href=\"https:\/\/easydriver.fi\/poytya\/kurssi\/passengercar\/\"><img decoding=\"async\" src=\"https:\/\/easydriver.fi\/poytya\/wp-content\/plugins\/easy-hinnasto\/images\/lines2_b.png\" alt=\"\" class=\"card-img-type card-img-cats\"><\/a>\r\n                        <\/div>\r\n                        <div class=\"card-body card-body-category-name card-body-dark\">\r\n                            <h2 class=\"card-category-title\">Passenger car<\/h2>\r\n                        <\/div>\r\n                        <div class=\"card-body card-body-class\">\r\n                            <a href=\"https:\/\/easydriver.fi\/poytya\/kurssi\/passengercar\/\"><h3>B<\/h3><\/a>\r\n                        <\/div>\r\n\r\n                        <div class=\"card-body card-body-footer card-categories-footer\">\r\n                            <a href=\"https:\/\/easydriver.fi\/poytya\/kurssi\/passengercar\/\" class=\"d-flex flex-grow-1\"><button type=\"button\" class=\"btn btn-pricetag text-uppercase\">Katso kurssipaketit<\/button><\/a>\r\n                        <\/div>\r\n                    <\/div>\r\n                <\/div>\n\n\n\n                                \r\n                <div class=\"card-container card-categories\">\r\n                    <div class=\"card card-dark\">\r\n                        \r\n                        <div class=\"card-img-top card-img-dark\">                            <a href=\"https:\/\/easydriver.fi\/poytya\/kurssi\/moped-license\/\"><img decoding=\"async\" src=\"https:\/\/easydriver.fi\/poytya\/wp-content\/plugins\/easy-hinnasto\/images\/lines2_am120.png\" alt=\"\" class=\"card-img-type card-img-cats\"><\/a>\r\n                        <\/div>\r\n                        <div class=\"card-body card-body-category-name card-body-dark\">\r\n                            <h2 class=\"card-category-title\">Moped license<\/h2>\r\n                        <\/div>\r\n                        <div class=\"card-body card-body-class\">\r\n                            <a href=\"https:\/\/easydriver.fi\/poytya\/kurssi\/moped-license\/\"><h3>AM120<\/h3><\/a>\r\n                        <\/div>\r\n\r\n                        <div class=\"card-body card-body-footer card-categories-footer\">\r\n                            <a href=\"https:\/\/easydriver.fi\/poytya\/kurssi\/moped-license\/\" class=\"d-flex flex-grow-1\"><button type=\"button\" class=\"btn btn-pricetag text-uppercase\">Katso kurssipaketit<\/button><\/a>\r\n                        <\/div>\r\n                    <\/div>\r\n                <\/div>\n\n\n\n                                \r\n                <div class=\"card-container card-categories\">\r\n                    <div class=\"card card-dark\">\r\n                        \r\n                        <div class=\"card-img-top card-img-dark\">                            <a href=\"https:\/\/easydriver.fi\/poytya\/kurssi\/mopedcar\/\"><img decoding=\"async\" src=\"https:\/\/easydriver.fi\/poytya\/wp-content\/plugins\/easy-hinnasto\/images\/lines2_am121.png\" alt=\"\" class=\"card-img-type card-img-cats\"><\/a>\r\n                        <\/div>\r\n                        <div class=\"card-body card-body-category-name card-body-dark\">\r\n                            <h2 class=\"card-category-title\">Moped car<\/h2>\r\n                        <\/div>\r\n                        <div class=\"card-body card-body-class\">\r\n                            <a href=\"https:\/\/easydriver.fi\/poytya\/kurssi\/mopedcar\/\"><h3>AM121<\/h3><\/a>\r\n                        <\/div>\r\n\r\n                        <div class=\"card-body card-body-footer card-categories-footer\">\r\n                            <a href=\"https:\/\/easydriver.fi\/poytya\/kurssi\/mopedcar\/\" class=\"d-flex flex-grow-1\"><button type=\"button\" class=\"btn btn-pricetag text-uppercase\">Katso kurssipaketit<\/button><\/a>\r\n                        <\/div>\r\n                    <\/div>\r\n                <\/div>\n\n\n\n                                \r\n                <div class=\"card-container card-categories\">\r\n                    <div class=\"card card-dark\">\r\n                        \r\n                        <div class=\"card-img-top card-img-dark\">                            <a href=\"https:\/\/easydriver.fi\/poytya\/kurssi\/motorcyclelicense\/\"><img decoding=\"async\" src=\"https:\/\/easydriver.fi\/poytya\/wp-content\/plugins\/easy-hinnasto\/images\/lines2_a.png\" alt=\"\" class=\"card-img-type card-img-cats\"><\/a>\r\n                        <\/div>\r\n                        <div class=\"card-body card-body-category-name card-body-dark\">\r\n                            <h2 class=\"card-category-title\">Motorcycle license<\/h2>\r\n                        <\/div>\r\n                        <div class=\"card-body card-body-class\">\r\n                            <a href=\"https:\/\/easydriver.fi\/poytya\/kurssi\/motorcyclelicense\/\"><h3>A1 \/ A2 \/ A<\/h3><\/a>\r\n                        <\/div>\r\n\r\n                        <div class=\"card-body card-body-footer card-categories-footer\">\r\n                            <a href=\"https:\/\/easydriver.fi\/poytya\/kurssi\/motorcyclelicense\/\" class=\"d-flex flex-grow-1\"><button type=\"button\" class=\"btn btn-pricetag text-uppercase\">Katso kurssipaketit<\/button><\/a>\r\n                        <\/div>\r\n                    <\/div>\r\n                <\/div>\n\n\n\n                                \r\n                <div class=\"card-container card-categories\">\r\n                    <div class=\"card card-dark\">\r\n                        \r\n                        <div class=\"card-img-top card-img-dark\">                            <a href=\"https:\/\/easydriver.fi\/poytya\/kurssi\/tractor-license\/\"><img decoding=\"async\" src=\"https:\/\/easydriver.fi\/poytya\/wp-content\/plugins\/easy-hinnasto\/images\/lines2_traktori.png\" alt=\"\" class=\"card-img-type card-img-cats\"><\/a>\r\n                        <\/div>\r\n                        <div class=\"card-body card-body-category-name card-body-dark\">\r\n                            <h2 class=\"card-category-title\">Tractor license<\/h2>\r\n                        <\/div>\r\n                        <div class=\"card-body card-body-class\">\r\n                            <a href=\"https:\/\/easydriver.fi\/poytya\/kurssi\/tractor-license\/\"><h3>T<\/h3><\/a>\r\n                        <\/div>\r\n\r\n                        <div class=\"card-body card-body-footer card-categories-footer\">\r\n                            <a href=\"https:\/\/easydriver.fi\/poytya\/kurssi\/tractor-license\/\" class=\"d-flex flex-grow-1\"><button type=\"button\" class=\"btn btn-pricetag text-uppercase\">Katso kurssipaketit<\/button><\/a>\r\n                        <\/div>\r\n                    <\/div>\r\n                <\/div>\n\n\n\n                                \r\n                <div class=\"card-container card-categories\">\r\n                    <div class=\"card card-dark\">\r\n                        \r\n                        <div class=\"card-img-top card-img-dark\">                            <a href=\"https:\/\/easydriver.fi\/poytya\/kurssi\/driving-instruction-permit\/\"><img decoding=\"async\" src=\"https:\/\/easydriver.fi\/poytya\/wp-content\/plugins\/easy-hinnasto\/images\/lines2_opetuslupa.png\" alt=\"\" class=\"card-img-type card-img-cats\"><\/a>\r\n                        <\/div>\r\n                        <div class=\"card-body card-body-category-name card-body-dark\">\r\n                            <h2 class=\"card-category-title\">Driving Instruction permit<\/h2>\r\n                        <\/div>\r\n                        <div class=\"card-body card-body-class\">\r\n                            <a href=\"https:\/\/easydriver.fi\/poytya\/kurssi\/driving-instruction-permit\/\"><h3>INSTRUCTION PERMIT<\/h3><\/a>\r\n                        <\/div>\r\n\r\n                        <div class=\"card-body card-body-footer card-categories-footer\">\r\n                            <a href=\"https:\/\/easydriver.fi\/poytya\/kurssi\/driving-instruction-permit\/\" class=\"d-flex flex-grow-1\"><button type=\"button\" class=\"btn btn-pricetag text-uppercase\">Katso kurssipaketit<\/button><\/a>\r\n                        <\/div>\r\n                    <\/div>\r\n                <\/div>\n\n\n\n                                \r\n                <div class=\"card-container card-categories\">\r\n                    <div class=\"card card-dark\">\r\n                        \r\n                        <div class=\"card-img-top card-img-dark\">                            <a href=\"https:\/\/easydriver.fi\/poytya\/kurssi\/other-services\/\"><img decoding=\"async\" src=\"https:\/\/easydriver.fi\/poytya\/wp-content\/plugins\/easy-hinnasto\/images\/lines2_palvelut.png\" alt=\"\" class=\"card-img-type card-img-cats\"><\/a>\r\n                        <\/div>\r\n                        <div class=\"card-body card-body-category-name card-body-dark\">\r\n                            <h2 class=\"card-category-title\">Other services<\/h2>\r\n                        <\/div>\r\n                        <div class=\"card-body card-body-class\">\r\n                            <a href=\"https:\/\/easydriver.fi\/poytya\/kurssi\/other-services\/\"><h3>OTHER<\/h3><\/a>\r\n                        <\/div>\r\n\r\n                        <div class=\"card-body card-body-footer card-categories-footer\">\r\n                            <a href=\"https:\/\/easydriver.fi\/poytya\/kurssi\/other-services\/\" class=\"d-flex flex-grow-1\"><button type=\"button\" class=\"btn btn-pricetag text-uppercase\">Katso kurssipaketit<\/button><\/a>\r\n                        <\/div>\r\n                    <\/div>\r\n                <\/div>\n<\/div><\/div>\n\n\n\n<div style=\"height:100px\" aria-hidden=\"true\" class=\"wp-block-spacer\"><\/div>\n\n\n\n<div id=\"\" class=\"wp-block-gosign-gosign-background-container gosign-color-section btn-full align-false no-padding no-margin custom-width no-min-height darkColorLayout no-top-border no-bottom-border colorSectionFe background-scroll background-cover overlay-true defined-width\"><div class=\"outer-container background-scroll\" style=\"background-image:url(https:\/\/easydriver.fi\/turku\/wp-content\/uploads\/sites\/2\/2024\/10\/hbg_5.jpg);padding-top:60px;padding-bottom:60px;padding-left:40px;padding-right:40px\"><div class=\"overBg\" style=\"background-color:#000000;opacity:0.4\"><\/div><div class=\"inner-container\"><div class=\"contentBlock\" style=\"max-width:1170px\">\n<h4 class=\"wp-block-heading has-text-align-center has-white-color has-text-color has-link-color wp-elements-be6d2e31352ed2fdc1447e09df944cf4\">Feedback from our students<\/h4>\n\n\n\n<div style=\"height:64px\" aria-hidden=\"true\" class=\"wp-block-spacer is-style-visible-spacer\"><\/div>\n\n\n\n        \r\n\r\n\r\n\r\n<div class=\"scrollfix\">\r\n<section class=\"reviews\">\r\n\r\n<figure>\r\n\r\n<!-- wp:quote -->\r\n<blockquote class=\"wp-block-quote\"><p>\n<p>Tunnit olivat mukavia ja opetus hyv\u00e4\u00e4.<\/p>\n<\/p><\/blockquote>\r\n<!-- \/wp:quote -->\r\n\r\n<!-- wp:paragraph -->\r\n<p>Oppilaan palaute, Turku<\/p>\r\n<!-- \/wp:paragraph -->\r\n<\/figure>\r\n<figure>\r\n\r\n<!-- wp:quote -->\r\n<blockquote class=\"wp-block-quote\"><p>\n<p>Eritt\u00e4in hyv\u00e4 ja ammattimainen palvelu sek\u00e4 hyv\u00e4 hinta-laatu suhde.<\/p>\n<\/p><\/blockquote>\r\n<!-- \/wp:quote -->\r\n\r\n<!-- wp:paragraph -->\r\n<p>Oppilaan palaute, Rauma<\/p>\r\n<!-- \/wp:paragraph -->\r\n<\/figure>\r\n<figure>\r\n\r\n<!-- wp:quote -->\r\n<blockquote class=\"wp-block-quote\"><p>\n<p>Mukava ja rauhallinen opettaja. Muutama kortti on tullut t\u00e4\u00e4lt\u00e4 hankittua.<\/p>\n<\/p><\/blockquote>\r\n<!-- \/wp:quote -->\r\n\r\n<!-- wp:paragraph -->\r\n<p>Oppilaan palaute, H\u00e4meenlinna<\/p>\r\n<!-- \/wp:paragraph -->\r\n<\/figure>\r\n<\/section>\r\n<\/div>\n<\/div><\/div><\/div><\/div>\n","protected":false},"excerpt":{"rendered":"","protected":false},"author":1,"featured_media":0,"parent":0,"menu_order":0,"comment_status":"closed","ping_status":"closed","template":"","meta":{"footnotes":""},"class_list":["post-926","page","type-page","status-publish","hentry"],"_links":{"self":[{"href":"https:\/\/easydriver.fi\/poytya\/wp-json\/wp\/v2\/pages\/926","targetHints":{"allow":["GET"]}}],"collection":[{"href":"https:\/\/easydriver.fi\/poytya\/wp-json\/wp\/v2\/pages"}],"about":[{"href":"https:\/\/easydriver.fi\/poytya\/wp-json\/wp\/v2\/types\/page"}],"author":[{"embeddable":true,"href":"https:\/\/easydriver.fi\/poytya\/wp-json\/wp\/v2\/users\/1"}],"replies":[{"embeddable":true,"href":"https:\/\/easydriver.fi\/poytya\/wp-json\/wp\/v2\/comments?post=926"}],"version-history":[{"count":2,"href":"https:\/\/easydriver.fi\/poytya\/wp-json\/wp\/v2\/pages\/926\/revisions"}],"predecessor-version":[{"id":1069,"href":"https:\/\/easydriver.fi\/poytya\/wp-json\/wp\/v2\/pages\/926\/revisions\/1069"}],"wp:attachment":[{"href":"https:\/\/easydriver.fi\/poytya\/wp-json\/wp\/v2\/media?parent=926"}],"curies":[{"name":"wp","href":"https:\/\/api.w.org\/{rel}","templated":true}]}}