{"id":2108,"date":"2014-04-10T05:21:48","date_gmt":"2014-04-10T02:21:48","guid":{"rendered":"https:\/\/easydriver.fi\/hervanta\/etusivu\/"},"modified":"2025-12-31T12:44:53","modified_gmt":"2025-12-31T10:44:53","slug":"etusivu","status":"publish","type":"page","link":"https:\/\/easydriver.fi\/hervanta\/","title":{"rendered":"Etusivu"},"content":{"rendered":"\n<div id=\"\" class=\"wp-block-gosign-gosign-background-container gosign-color-section btn-full align-false default-padding no-margin custom-width no-min-height lightColorLayout no-top-border no-bottom-border colorSectionFe background-fixed background-cover overlay-true defined-width main-header-secondary\"><div class=\"outer-container background-fixed\" style=\"background-image:url(https:\/\/easydriver.fi\/turku\/wp-content\/uploads\/sites\/2\/2025\/12\/groweobg.jpg);padding-top:60px;padding-bottom:60px;padding-left:40px;padding-right:40px;background-position:50% 50%;background-attachment:fixed\"><div class=\"overBg\" style=\"background-color:#000000;opacity:0.8\"><\/div><div class=\"inner-container\"><div class=\"contentBlock\" style=\"max-width:1170px\">\n<h1 class=\"wp-block-heading has-text-align-center\">Autokoulu Easy Driver Tampere, Hervanta<\/h1>\n\n\n\n<p>Autokoulu Easy Driverilta l\u00f6yd\u00e4t ajokortit joka l\u00e4ht\u00f6\u00f6n. Katso edulliset kurssipakettivaihtoehtomme Tampereen Hervannassa. Kurssin suorittaminen on helppoa, voit aloittaa et\u00e4n\u00e4 vaikka heti. Teoriatunnit voit suorittaa aamusta iltaan oman aikataulusi mukaan. Ajotunnit sovit joustavasti oman opettajasi kanssa.<\/p>\n\n\n\n<p>Ilmoittaudu kurssille tai katso lis\u00e4infoa haluamastasi korttiluokasta. Ajokortin tai kurssin suorittamiseen liittyviss\u00e4 asioissa l\u00f6yd\u00e4t lis\u00e4tietoa <a href=\"https:\/\/easydriver.fi\/usein-kysyttya\">usein kysytty\u00e4 osiostamme<\/a>.<br>Mik\u00e4li tulee lis\u00e4\u00e4 kysytt\u00e4v\u00e4\u00e4 niin ota rohkeasti yhteytt\u00e4 numeroon 044 0770 145.<\/p>\n\n\n\n<div class=\"wp-block-buttons is-style-button-keltainen is-horizontal is-content-justification-center is-layout-flex wp-container-core-buttons-is-layout-769315fb wp-block-buttons-is-layout-flex\">\n<div class=\"wp-block-button is-style-fill\"><a class=\"wp-block-button__link has-black-color has-text-color has-background has-link-color wp-element-button\" href=\"https:\/\/easydriver.fi\/usein-kysyttya\" style=\"border-radius:8px;background-color:#ffff00\"><strong>Lue: Usein kysytty\u00e4<\/strong><\/a><\/div>\n\n\n\n<div class=\"wp-block-button is-style-fill\"><a class=\"wp-block-button__link has-black-color has-text-color has-background has-link-color wp-element-button\" href=\"#korttiluokat\" style=\"border-radius:8px;background-color:#ffff00\"><strong>Katso kurssit<\/strong><\/a><\/div>\n<\/div>\n<\/div><\/div><\/div><\/div>\n\n\n\n<div id=\"\" class=\"wp-block-gosign-gosign-background-container gosign-color-section btn-full align-false default-padding no-margin full-width no-min-height lightColorLayout no-top-border no-bottom-border colorSectionFe background-scroll background-repeat overlay-false defined-width main-header-secondary\"><div class=\"outer-container background-scroll\" style=\"background-repeat:repeat;background-color:#000000\"><div class=\"inner-container\"><div class=\"contentBlock\">\n<h2 class=\"wp-block-heading has-text-align-center has-text-color has-medium-font-size\" style=\"color:#ffff00;font-style:normal;font-weight:600\">KURSSIT JA HINNAT HERVANTA<\/h2>\n\n\n\n<h3 class=\"wp-block-heading has-text-align-center has-text-color has-small-font-size\" style=\"color:#fff000;font-style:normal;font-weight:600;text-transform:none\">VALITSE KORTTILUOKKA<\/h3>\n<\/div><\/div><\/div><\/div>\n\n\n\n<div style=\"height:36px\" aria-hidden=\"true\" class=\"wp-block-spacer\"><\/div>\n\n\n\n<div class=\"wp-block-buttons is-layout-flex wp-block-buttons-is-layout-flex\">\n<div class=\"wp-block-button is-style-button-kaupungit\"><a class=\"wp-block-button__link wp-element-button\" href=\"https:\/\/easydriver.fi\/maksutavat\" rel=\"nofollow\">KLIKKAA JA KATSO <strong>LIS\u00c4TIEDOT MAKSUTAVOISTA<\/strong><\/a><\/div>\n<\/div>\n\n\n\n<div style=\"height:36px\" aria-hidden=\"true\" class=\"wp-block-spacer\"><\/div>\n\n\n\n<div id=\"korttiluokat\" class=\"wp-block-group cardgrid is-style-cardgrid\"><div class=\"wp-block-group__inner-container is-layout-constrained wp-block-group-is-layout-constrained\">\n                                \r\n                <div class=\"card-container card-categories\">\r\n                    <div class=\"card card-dark\">\r\n                        \r\n                        <div class=\"card-img-top card-img-dark\"><span class=\"badge text-bg-primary position-absolute border border-dark pt-2 pb-2 ps-3 pe-3 text-uppercase badge-custom\">Tarjous!<\/span>                            <a href=\"https:\/\/easydriver.fi\/hervanta\/kurssi\/henkiloautokortti\/\"><img decoding=\"async\" src=\"https:\/\/easydriver.fi\/hervanta\/wp-content\/plugins\/easy-hinnasto\/images\/lines2_b.png\" alt=\"\" class=\"card-img-type card-img-cats\"><\/a>\r\n                        <\/div>\r\n                        <div class=\"card-body card-body-category-name card-body-dark\">\r\n                            <h2 class=\"card-category-title\">Henkil\u00f6autokortti<\/h2>\r\n                        <\/div>\r\n                        <div class=\"card-body card-body-class\">\r\n                            <a href=\"https:\/\/easydriver.fi\/hervanta\/kurssi\/henkiloautokortti\/\"><h3>B<\/h3><\/a>\r\n                        <\/div>\r\n\r\n                        <div class=\"card-body card-body-footer card-categories-footer\">\r\n                            <a href=\"https:\/\/easydriver.fi\/hervanta\/kurssi\/henkiloautokortti\/\" class=\"d-flex flex-grow-1\"><button type=\"button\" class=\"btn btn-pricetag text-uppercase\">Katso kurssipaketit<\/button><\/a>\r\n                        <\/div>\r\n                    <\/div>\r\n                <\/div>\n\n\n\n                                \r\n                <div class=\"card-container card-categories\">\r\n                    <div class=\"card card-dark\">\r\n                        \r\n                        <div class=\"card-img-top card-img-dark\">                            <a href=\"https:\/\/easydriver.fi\/hervanta\/kurssi\/mopokortti\/\"><img decoding=\"async\" src=\"https:\/\/easydriver.fi\/hervanta\/wp-content\/plugins\/easy-hinnasto\/images\/lines2_am120.png\" alt=\"\" class=\"card-img-type card-img-cats\"><\/a>\r\n                        <\/div>\r\n                        <div class=\"card-body card-body-category-name card-body-dark\">\r\n                            <h2 class=\"card-category-title\">Mopokortit<\/h2>\r\n                        <\/div>\r\n                        <div class=\"card-body card-body-class\">\r\n                            <a href=\"https:\/\/easydriver.fi\/hervanta\/kurssi\/mopokortti\/\"><h3>AM120<\/h3><\/a>\r\n                        <\/div>\r\n\r\n                        <div class=\"card-body card-body-footer card-categories-footer\">\r\n                            <a href=\"https:\/\/easydriver.fi\/hervanta\/kurssi\/mopokortti\/\" class=\"d-flex flex-grow-1\"><button type=\"button\" class=\"btn btn-pricetag text-uppercase\">Katso kurssipaketit<\/button><\/a>\r\n                        <\/div>\r\n                    <\/div>\r\n                <\/div>\n\n\n\n                                \r\n                <div class=\"card-container card-categories\">\r\n                    <div class=\"card card-dark\">\r\n                        \r\n                        <div class=\"card-img-top card-img-dark\">                            <a href=\"https:\/\/easydriver.fi\/hervanta\/kurssi\/mopoautokortti\/\"><img decoding=\"async\" src=\"https:\/\/easydriver.fi\/hervanta\/wp-content\/plugins\/easy-hinnasto\/images\/lines2_am121.png\" alt=\"\" class=\"card-img-type card-img-cats\"><\/a>\r\n                        <\/div>\r\n                        <div class=\"card-body card-body-category-name card-body-dark\">\r\n                            <h2 class=\"card-category-title\">Mopoautokortti<\/h2>\r\n                        <\/div>\r\n                        <div class=\"card-body card-body-class\">\r\n                            <a href=\"https:\/\/easydriver.fi\/hervanta\/kurssi\/mopoautokortti\/\"><h3>AM121<\/h3><\/a>\r\n                        <\/div>\r\n\r\n                        <div class=\"card-body card-body-footer card-categories-footer\">\r\n                            <a href=\"https:\/\/easydriver.fi\/hervanta\/kurssi\/mopoautokortti\/\" class=\"d-flex flex-grow-1\"><button type=\"button\" class=\"btn btn-pricetag text-uppercase\">Katso kurssipaketit<\/button><\/a>\r\n                        <\/div>\r\n                    <\/div>\r\n                <\/div>\n\n\n\n                                \r\n                <div class=\"card-container card-categories\">\r\n                    <div class=\"card card-dark\">\r\n                        \r\n                        <div class=\"card-img-top card-img-dark\">                            <a href=\"https:\/\/easydriver.fi\/hervanta\/kurssi\/opetuslupa\/\"><img decoding=\"async\" src=\"https:\/\/easydriver.fi\/hervanta\/wp-content\/plugins\/easy-hinnasto\/images\/lines2_opetuslupa.png\" alt=\"\" class=\"card-img-type card-img-cats\"><\/a>\r\n                        <\/div>\r\n                        <div class=\"card-body card-body-category-name card-body-dark\">\r\n                            <h2 class=\"card-category-title\">Opetuslupa<\/h2>\r\n                        <\/div>\r\n                        <div class=\"card-body card-body-class\">\r\n                            <a href=\"https:\/\/easydriver.fi\/hervanta\/kurssi\/opetuslupa\/\"><h3>OPETUSLUPA<\/h3><\/a>\r\n                        <\/div>\r\n\r\n                        <div class=\"card-body card-body-footer card-categories-footer\">\r\n                            <a href=\"https:\/\/easydriver.fi\/hervanta\/kurssi\/opetuslupa\/\" class=\"d-flex flex-grow-1\"><button type=\"button\" class=\"btn btn-pricetag text-uppercase\">Katso kurssipaketit<\/button><\/a>\r\n                        <\/div>\r\n                    <\/div>\r\n                <\/div>\n\n\n\n                                \r\n                <div class=\"card-container card-categories\">\r\n                    <div class=\"card card-dark\">\r\n                        \r\n                        <div class=\"card-img-top card-img-dark\">                            <a href=\"https:\/\/easydriver.fi\/hervanta\/kurssi\/moottoripyorakortti\/\"><img decoding=\"async\" src=\"https:\/\/easydriver.fi\/hervanta\/wp-content\/plugins\/easy-hinnasto\/images\/lines2_a.png\" alt=\"\" class=\"card-img-type card-img-cats\"><\/a>\r\n                        <\/div>\r\n                        <div class=\"card-body card-body-category-name card-body-dark\">\r\n                            <h2 class=\"card-category-title\">Moottoripy\u00f6r\u00e4kortti<\/h2>\r\n                        <\/div>\r\n                        <div class=\"card-body card-body-class\">\r\n                            <a href=\"https:\/\/easydriver.fi\/hervanta\/kurssi\/moottoripyorakortti\/\"><h3>A1 \/ A2 \/ A<\/h3><\/a>\r\n                        <\/div>\r\n\r\n                        <div class=\"card-body card-body-footer card-categories-footer\">\r\n                            <a href=\"https:\/\/easydriver.fi\/hervanta\/kurssi\/moottoripyorakortti\/\" class=\"d-flex flex-grow-1\"><button type=\"button\" class=\"btn btn-pricetag text-uppercase\">Katso kurssipaketit<\/button><\/a>\r\n                        <\/div>\r\n                    <\/div>\r\n                <\/div>\n\n\n\n                                \r\n                <div class=\"card-container card-categories\">\r\n                    <div class=\"card card-dark\">\r\n                        \r\n                        <div class=\"card-img-top card-img-dark\">                            <a href=\"https:\/\/easydriver.fi\/hervanta\/kurssi\/traktorikortti\/\"><img decoding=\"async\" src=\"https:\/\/easydriver.fi\/hervanta\/wp-content\/plugins\/easy-hinnasto\/images\/lines2_traktori.png\" alt=\"\" class=\"card-img-type card-img-cats\"><\/a>\r\n                        <\/div>\r\n                        <div class=\"card-body card-body-category-name card-body-dark\">\r\n                            <h2 class=\"card-category-title\">Traktorikortti<\/h2>\r\n                        <\/div>\r\n                        <div class=\"card-body card-body-class\">\r\n                            <a href=\"https:\/\/easydriver.fi\/hervanta\/kurssi\/traktorikortti\/\"><h3>T<\/h3><\/a>\r\n                        <\/div>\r\n\r\n                        <div class=\"card-body card-body-footer card-categories-footer\">\r\n                            <a href=\"https:\/\/easydriver.fi\/hervanta\/kurssi\/traktorikortti\/\" class=\"d-flex flex-grow-1\"><button type=\"button\" class=\"btn btn-pricetag text-uppercase\">Katso kurssipaketit<\/button><\/a>\r\n                        <\/div>\r\n                    <\/div>\r\n                <\/div>\n\n\n\n                                \r\n                <div class=\"card-container card-categories\">\r\n                    <div class=\"card card-dark\">\r\n                        \r\n                        <div class=\"card-img-top card-img-dark\">                            <a href=\"https:\/\/easydriver.fi\/hervanta\/kurssi\/kevyt-kuorma-autokortti\/\"><img decoding=\"async\" src=\"https:\/\/easydriver.fi\/hervanta\/wp-content\/plugins\/easy-hinnasto\/images\/lines2_c1.png\" alt=\"\" class=\"card-img-type card-img-cats\"><\/a>\r\n                        <\/div>\r\n                        <div class=\"card-body card-body-category-name card-body-dark\">\r\n                            <h2 class=\"card-category-title\">Kevyt kuorma-auto<\/h2>\r\n                        <\/div>\r\n                        <div class=\"card-body card-body-class\">\r\n                            <a href=\"https:\/\/easydriver.fi\/hervanta\/kurssi\/kevyt-kuorma-autokortti\/\"><h3>C1<\/h3><\/a>\r\n                        <\/div>\r\n\r\n                        <div class=\"card-body card-body-footer card-categories-footer\">\r\n                            <a href=\"https:\/\/easydriver.fi\/hervanta\/kurssi\/kevyt-kuorma-autokortti\/\" class=\"d-flex flex-grow-1\"><button type=\"button\" class=\"btn btn-pricetag text-uppercase\">Katso kurssipaketit<\/button><\/a>\r\n                        <\/div>\r\n                    <\/div>\r\n                <\/div>\n\n\n\n                                \r\n                <div class=\"card-container card-categories\">\r\n                    <div class=\"card card-dark\">\r\n                        \r\n                        <div class=\"card-img-top card-img-dark\">                            <a href=\"https:\/\/easydriver.fi\/hervanta\/kurssi\/kevyt-kuorma-auto-yhdistelmakortti\/\"><img decoding=\"async\" src=\"https:\/\/easydriver.fi\/hervanta\/wp-content\/plugins\/easy-hinnasto\/images\/lines2_c1e.png\" alt=\"\" class=\"card-img-type card-img-cats\"><\/a>\r\n                        <\/div>\r\n                        <div class=\"card-body card-body-category-name card-body-dark\">\r\n                            <h2 class=\"card-category-title\">Kevyt kuorma-auto -yhdistelm\u00e4<\/h2>\r\n                        <\/div>\r\n                        <div class=\"card-body card-body-class\">\r\n                            <a href=\"https:\/\/easydriver.fi\/hervanta\/kurssi\/kevyt-kuorma-auto-yhdistelmakortti\/\"><h3>C1E<\/h3><\/a>\r\n                        <\/div>\r\n\r\n                        <div class=\"card-body card-body-footer card-categories-footer\">\r\n                            <a href=\"https:\/\/easydriver.fi\/hervanta\/kurssi\/kevyt-kuorma-auto-yhdistelmakortti\/\" class=\"d-flex flex-grow-1\"><button type=\"button\" class=\"btn btn-pricetag text-uppercase\">Katso kurssipaketit<\/button><\/a>\r\n                        <\/div>\r\n                    <\/div>\r\n                <\/div>\n\n\n\n                                \r\n                <div class=\"card-container card-categories\">\r\n                    <div class=\"card card-dark\">\r\n                        \r\n                        <div class=\"card-img-top card-img-dark\">                            <a href=\"https:\/\/easydriver.fi\/hervanta\/kurssi\/kuorma-autokortti\/\"><img decoding=\"async\" src=\"https:\/\/easydriver.fi\/hervanta\/wp-content\/plugins\/easy-hinnasto\/images\/lines2_c.png\" alt=\"\" class=\"card-img-type card-img-cats\"><\/a>\r\n                        <\/div>\r\n                        <div class=\"card-body card-body-category-name card-body-dark\">\r\n                            <h2 class=\"card-category-title\">Kuorma-auto<\/h2>\r\n                        <\/div>\r\n                        <div class=\"card-body card-body-class\">\r\n                            <a href=\"https:\/\/easydriver.fi\/hervanta\/kurssi\/kuorma-autokortti\/\"><h3>C<\/h3><\/a>\r\n                        <\/div>\r\n\r\n                        <div class=\"card-body card-body-footer card-categories-footer\">\r\n                            <a href=\"https:\/\/easydriver.fi\/hervanta\/kurssi\/kuorma-autokortti\/\" class=\"d-flex flex-grow-1\"><button type=\"button\" class=\"btn btn-pricetag text-uppercase\">Katso kurssipaketit<\/button><\/a>\r\n                        <\/div>\r\n                    <\/div>\r\n                <\/div>\n\n\n\n                                \r\n                <div class=\"card-container card-categories\">\r\n                    <div class=\"card card-dark\">\r\n                        \r\n                        <div class=\"card-img-top card-img-dark\">                            <a href=\"https:\/\/easydriver.fi\/hervanta\/kurssi\/kuorma-auto-yhdistelmakortti\/\"><img decoding=\"async\" src=\"https:\/\/easydriver.fi\/hervanta\/wp-content\/plugins\/easy-hinnasto\/images\/lines2_ce.png\" alt=\"\" class=\"card-img-type card-img-cats\"><\/a>\r\n                        <\/div>\r\n                        <div class=\"card-body card-body-category-name card-body-dark\">\r\n                            <h2 class=\"card-category-title\">Kuorma-auto yhdistelm\u00e4<\/h2>\r\n                        <\/div>\r\n                        <div class=\"card-body card-body-class\">\r\n                            <a href=\"https:\/\/easydriver.fi\/hervanta\/kurssi\/kuorma-auto-yhdistelmakortti\/\"><h3>CE<\/h3><\/a>\r\n                        <\/div>\r\n\r\n                        <div class=\"card-body card-body-footer card-categories-footer\">\r\n                            <a href=\"https:\/\/easydriver.fi\/hervanta\/kurssi\/kuorma-auto-yhdistelmakortti\/\" class=\"d-flex flex-grow-1\"><button type=\"button\" class=\"btn btn-pricetag text-uppercase\">Katso kurssipaketit<\/button><\/a>\r\n                        <\/div>\r\n                    <\/div>\r\n                <\/div>\n\n\n\n                                \r\n                <div class=\"card-container card-categories\">\r\n                    <div class=\"card card-dark\">\r\n                        \r\n                        <div class=\"card-img-top card-img-dark\">                            <a href=\"https:\/\/easydriver.fi\/hervanta\/kurssi\/muut-palvelut\/\"><img decoding=\"async\" src=\"https:\/\/easydriver.fi\/hervanta\/wp-content\/plugins\/easy-hinnasto\/images\/lines2_palvelut.png\" alt=\"\" class=\"card-img-type card-img-cats\"><\/a>\r\n                        <\/div>\r\n                        <div class=\"card-body card-body-category-name card-body-dark\">\r\n                            <h2 class=\"card-category-title\">Muut palvelut<\/h2>\r\n                        <\/div>\r\n                        <div class=\"card-body card-body-class\">\r\n                            <a href=\"https:\/\/easydriver.fi\/hervanta\/kurssi\/muut-palvelut\/\"><h3>MUUT<\/h3><\/a>\r\n                        <\/div>\r\n\r\n                        <div class=\"card-body card-body-footer card-categories-footer\">\r\n                            <a href=\"https:\/\/easydriver.fi\/hervanta\/kurssi\/muut-palvelut\/\" class=\"d-flex flex-grow-1\"><button type=\"button\" class=\"btn btn-pricetag text-uppercase\">Katso kurssipaketit<\/button><\/a>\r\n                        <\/div>\r\n                    <\/div>\r\n                <\/div>\n<\/div><\/div>\n\n\n\n<div style=\"height:100px\" aria-hidden=\"true\" class=\"wp-block-spacer\"><\/div>\n\n\n\n<div id=\"\" class=\"wp-block-gosign-gosign-background-container gosign-color-section btn-full align-false no-padding no-margin custom-width no-min-height darkColorLayout no-top-border no-bottom-border colorSectionFe background-scroll background-cover overlay-true defined-width\"><div class=\"outer-container background-scroll\" style=\"background-image:url(https:\/\/easydriver.fi\/wp-content\/uploads\/2023\/01\/moottoripyora_mp_2.jpg);padding-top:60px;padding-bottom:60px;padding-left:40px;padding-right:40px\"><div class=\"overBg\" style=\"background-color:#000000;opacity:0.9\"><\/div><div class=\"inner-container\"><div class=\"contentBlock\" style=\"max-width:1170px\">\n<h4 class=\"wp-block-heading has-text-align-center has-white-color has-text-color has-link-color wp-elements-0405eb40eef1377b81aa6f58222b3b8e\">Palautteita oppilailta<\/h4>\n\n\n\n<div style=\"height:64px\" aria-hidden=\"true\" class=\"wp-block-spacer is-style-visible-spacer\"><\/div>\n\n\n\n        \r\n\r\n\r\n\r\n<div class=\"scrollfix\">\r\n<section class=\"reviews\">\r\n\r\n<figure>\r\n\r\n<!-- wp:quote -->\r\n<blockquote class=\"wp-block-quote\"><p>\n<p>Tunnit olivat mukavia ja opetus hyv\u00e4\u00e4.<\/p>\n<\/p><\/blockquote>\r\n<!-- \/wp:quote -->\r\n\r\n<!-- wp:paragraph -->\r\n<p>Oppilaan palaute, Turku<\/p>\r\n<!-- \/wp:paragraph -->\r\n<\/figure>\r\n<figure>\r\n\r\n<!-- wp:quote -->\r\n<blockquote class=\"wp-block-quote\"><p>\n<p>Eritt\u00e4in hyv\u00e4 ja ammattimainen palvelu sek\u00e4 hyv\u00e4 hinta-laatu suhde.<\/p>\n<\/p><\/blockquote>\r\n<!-- \/wp:quote -->\r\n\r\n<!-- wp:paragraph -->\r\n<p>Oppilaan palaute, Rauma<\/p>\r\n<!-- \/wp:paragraph -->\r\n<\/figure>\r\n<figure>\r\n\r\n<!-- wp:quote -->\r\n<blockquote class=\"wp-block-quote\"><p>\n<p>Mukava ja rauhallinen opettaja. Muutama kortti on tullut t\u00e4\u00e4lt\u00e4 hankittua.<\/p>\n<\/p><\/blockquote>\r\n<!-- \/wp:quote -->\r\n\r\n<!-- wp:paragraph -->\r\n<p>Oppilaan palaute, H\u00e4meenlinna<\/p>\r\n<!-- \/wp:paragraph -->\r\n<\/figure>\r\n<\/section>\r\n<\/div>\n<\/div><\/div><\/div><\/div>\n","protected":false},"excerpt":{"rendered":"","protected":false},"author":1,"featured_media":0,"parent":0,"menu_order":0,"comment_status":"closed","ping_status":"open","template":"page-templates\/etusivu.php","meta":{"footnotes":""},"class_list":["post-2108","page","type-page","status-publish","hentry"],"_links":{"self":[{"href":"https:\/\/easydriver.fi\/hervanta\/wp-json\/wp\/v2\/pages\/2108","targetHints":{"allow":["GET"]}}],"collection":[{"href":"https:\/\/easydriver.fi\/hervanta\/wp-json\/wp\/v2\/pages"}],"about":[{"href":"https:\/\/easydriver.fi\/hervanta\/wp-json\/wp\/v2\/types\/page"}],"author":[{"embeddable":true,"href":"https:\/\/easydriver.fi\/hervanta\/wp-json\/wp\/v2\/users\/1"}],"replies":[{"embeddable":true,"href":"https:\/\/easydriver.fi\/hervanta\/wp-json\/wp\/v2\/comments?post=2108"}],"version-history":[{"count":10,"href":"https:\/\/easydriver.fi\/hervanta\/wp-json\/wp\/v2\/pages\/2108\/revisions"}],"predecessor-version":[{"id":2454,"href":"https:\/\/easydriver.fi\/hervanta\/wp-json\/wp\/v2\/pages\/2108\/revisions\/2454"}],"wp:attachment":[{"href":"https:\/\/easydriver.fi\/hervanta\/wp-json\/wp\/v2\/media?parent=2108"}],"curies":[{"name":"wp","href":"https:\/\/api.w.org\/{rel}","templated":true}]}}